{"id":1177,"date":"2023-07-21T10:26:53","date_gmt":"2023-07-21T13:26:53","guid":{"rendered":"https:\/\/cristianenunes.com.br\/?page_id=1177"},"modified":"2023-08-16T21:40:49","modified_gmt":"2023-08-17T00:40:49","slug":"tribus","status":"publish","type":"page","link":"https:\/\/cristianenunes.com.br\/index.php\/tribus\/","title":{"rendered":"Tribus"},"content":{"rendered":"\t\t<div data-elementor-type=\"wp-page\" data-elementor-id=\"1177\" class=\"elementor elementor-1177\">\n\t\t\t\t<div class=\"elementor-element elementor-element-37b1453 e-flex e-con-boxed e-con e-parent\" data-id=\"37b1453\" data-element_type=\"container\" data-settings=\"{&quot;background_background&quot;:&quot;classic&quot;}\">\n\t\t\t\t\t<div class=\"e-con-inner\">\n\t\t\t\t\t<\/div>\n\t\t\t\t<\/div>\n\t\t<div class=\"elementor-element elementor-element-3a1e6d6 e-flex e-con-boxed e-con e-parent\" data-id=\"3a1e6d6\" data-element_type=\"container\">\n\t\t\t\t\t<div class=\"e-con-inner\">\n\t\t<div class=\"elementor-element elementor-element-619e273 e-con-full e-flex e-con e-parent\" data-id=\"619e273\" data-element_type=\"container\">\n\t\t\t\t<div class=\"elementor-element elementor-element-2fd08ef elementor-widget elementor-widget-heading\" data-id=\"2fd08ef\" data-element_type=\"widget\" data-widget_type=\"heading.default\">\n\t\t\t\t<div class=\"elementor-widget-container\">\n\t\t\t\t\t<h2 class=\"elementor-heading-title elementor-size-default\">TRIBUS<\/h2>\t\t\t\t<\/div>\n\t\t\t\t<\/div>\n\t\t\t\t<div class=\"elementor-element elementor-element-b51c590 elementor-widget elementor-widget-heading\" data-id=\"b51c590\" data-element_type=\"widget\" data-widget_type=\"heading.default\">\n\t\t\t\t<div class=\"elementor-widget-container\">\n\t\t\t\t\t<h2 class=\"elementor-heading-title elementor-size-default\">SUPLEMENTOS <br>E PRODUTOS NATURAIS<\/h2>\t\t\t\t<\/div>\n\t\t\t\t<\/div>\n\t\t\t\t<\/div>\n\t\t<div class=\"elementor-element elementor-element-40f2a43 e-con-full e-flex e-con e-parent\" data-id=\"40f2a43\" data-element_type=\"container\">\n\t\t\t\t<div class=\"elementor-element elementor-element-b428b1d elementor-widget-tablet__width-initial elementor-widget elementor-widget-text-editor\" data-id=\"b428b1d\" data-element_type=\"widget\" data-widget_type=\"text-editor.default\">\n\t\t\t\t<div class=\"elementor-widget-container\">\n\t\t\t\t\t\t\t\t\t<p>TRIBUS \u00e9 uma loja de suplementos e&nbsp;<span style=\"font-style: inherit; font-weight: inherit; color: var( --e-global-color-text ); font-family: var( --e-global-typography-text-font-family ), Sans-serif; text-align: var(--text-align);\">produtos naturais que nasceu <\/span><span style=\"font-style: inherit; font-weight: inherit; color: var( --e-global-color-text ); font-family: var( --e-global-typography-text-font-family ), Sans-serif; text-align: var(--text-align);\">a fim de&nbsp;<\/span><span style=\"font-style: inherit; font-weight: inherit; color: var( --e-global-color-text ); font-family: var( --e-global-typography-text-font-family ), Sans-serif; text-align: var(--text-align);\">proporcionar ao seu p\u00fablico uma&nbsp;<\/span><span style=\"font-style: inherit; font-weight: inherit; color: var( --e-global-color-text ); font-family: var( --e-global-typography-text-font-family ), Sans-serif; text-align: var(--text-align);\">nova experi\u00eancia de consumo,&nbsp;<\/span><span style=\"font-style: inherit; font-weight: inherit; color: var( --e-global-color-text ); font-family: var( --e-global-typography-text-font-family ), Sans-serif; text-align: var(--text-align);\">experimenta\u00e7\u00e3o, atendimento e&nbsp;<\/span><span style=\"font-style: inherit; font-weight: inherit; color: var( --e-global-color-text ); font-family: var( --e-global-typography-text-font-family ), Sans-serif; text-align: var(--text-align);\">conveni\u00eancia. Um novo jeito de ser&nbsp;<\/span><span style=\"font-style: inherit; font-weight: inherit; color: var( --e-global-color-text ); font-family: var( --e-global-typography-text-font-family ), Sans-serif; text-align: var(--text-align);\">saud\u00e1vel unindo informa\u00e7\u00e3o,&nbsp;<\/span><span style=\"font-style: inherit; font-weight: inherit; color: var( --e-global-color-text ); font-family: var( --e-global-typography-text-font-family ), Sans-serif; text-align: var(--text-align);\">praticidade, sa\u00fade, bem estar e&nbsp;<\/span><span style=\"font-style: inherit; font-weight: inherit; color: var( --e-global-color-text ); font-family: var( --e-global-typography-text-font-family ), Sans-serif; text-align: var(--text-align);\">diversidade.<\/span><\/p>\n<p>O DIFERENCIAL:&nbsp;<span style=\"font-style: inherit; font-weight: inherit; color: var( --e-global-color-text ); font-family: var( --e-global-typography-text-font-family ), Sans-serif; text-align: var(--text-align);\">Ambiente descontra\u00eddo criado com o&nbsp;<\/span><span style=\"font-style: inherit; font-weight: inherit; color: var( --e-global-color-text ); font-family: var( --e-global-typography-text-font-family ), Sans-serif; text-align: var(--text-align);\">prop\u00f3sito de atender a todas as&nbsp;<\/span><span style=\"font-style: inherit; font-weight: inherit; color: var( --e-global-color-text ); font-family: var( --e-global-typography-text-font-family ), Sans-serif; text-align: var(--text-align);\">necessidades suplementares dos clientes<\/span><span style=\"font-style: inherit; font-weight: inherit; color: var( --e-global-color-text ); font-family: var( --e-global-typography-text-font-family ), Sans-serif; text-align: var(--text-align);\">, lanches saud\u00e1veis e&nbsp;<\/span><span style=\"font-style: inherit; font-weight: inherit; color: var( --e-global-color-text ); font-family: var( --e-global-typography-text-font-family ), Sans-serif; text-align: var(--text-align);\">servi\u00e7os de conveni\u00eancia, a fim de&nbsp;<\/span><span style=\"font-style: inherit; font-weight: inherit; color: var( --e-global-color-text ); font-family: var( --e-global-typography-text-font-family ), Sans-serif; text-align: var(--text-align);\">promover sa\u00fade, disposi\u00e7\u00e3o e bem estar.&nbsp;<\/span><\/p>\n<p>O DESAFIO:&nbsp;<span style=\"font-style: inherit; font-weight: inherit; color: var( --e-global-color-text ); font-family: var( --e-global-typography-text-font-family ), Sans-serif; text-align: var(--text-align);\">Representar sa\u00fade, nutri\u00e7\u00e3o, suplementa\u00e7\u00e3o&nbsp;<\/span><span style=\"font-style: inherit; font-weight: inherit; color: var( --e-global-color-text ); font-family: var( --e-global-typography-text-font-family ), Sans-serif; text-align: var(--text-align);\">e a beleza do corpo, como norteadores de um&nbsp;<\/span><span style=\"font-style: inherit; font-weight: inherit; color: var( --e-global-color-text ); font-family: var( --e-global-typography-text-font-family ), Sans-serif; text-align: var(--text-align);\">estilo de vida saud\u00e1vel, criar uma atmosfera&nbsp;<\/span><span style=\"font-style: inherit; font-weight: inherit; color: var( --e-global-color-text ); font-family: var( --e-global-typography-text-font-family ), Sans-serif; text-align: var(--text-align);\">visual que se distancie de seus concorrentes,&nbsp;<\/span><span style=\"font-style: inherit; font-weight: inherit; color: var( --e-global-color-text ); font-family: var( --e-global-typography-text-font-family ), Sans-serif; text-align: var(--text-align);\">al\u00e9m de dar suporte para as experi\u00eancias que&nbsp;<\/span><span style=\"font-style: inherit; font-weight: inherit; color: var( --e-global-color-text ); font-family: var( --e-global-typography-text-font-family ), Sans-serif; text-align: var(--text-align);\">a marca ir\u00e1 proporciona aos seus cliente e&nbsp;<\/span><span style=\"font-style: inherit; font-weight: inherit; color: var( --e-global-color-text ); font-family: var( --e-global-typography-text-font-family ), Sans-serif; text-align: var(--text-align);\">f\u00e3s..<\/span><\/p>\t\t\t\t\t\t\t\t<\/div>\n\t\t\t\t<\/div>\n\t\t\t\t<\/div>\n\t\t\t\t\t<\/div>\n\t\t\t\t<\/div>\n\t\t<div class=\"elementor-element elementor-element-e93e860 e-flex e-con-boxed e-con e-parent\" data-id=\"e93e860\" data-element_type=\"container\">\n\t\t\t\t\t<div class=\"e-con-inner\">\n\t\t\t\t<div class=\"elementor-element elementor-element-f9e559a elementor-widget elementor-widget-image\" data-id=\"f9e559a\" data-element_type=\"widget\" data-widget_type=\"image.default\">\n\t\t\t\t<div class=\"elementor-widget-container\">\n\t\t\t\t\t\t\t\t\t\t\t\t\t\t\t<img fetchpriority=\"high\" decoding=\"async\" width=\"1600\" height=\"600\" src=\"https:\/\/cristianenunes.com.br\/wp-content\/uploads\/2023\/08\/processo-criativo2.png\" class=\"attachment-full size-full wp-image-2279\" alt=\"\" srcset=\"https:\/\/cristianenunes.com.br\/wp-content\/uploads\/2023\/08\/processo-criativo2.png 1600w, https:\/\/cristianenunes.com.br\/wp-content\/uploads\/2023\/08\/processo-criativo2-300x113.png 300w, https:\/\/cristianenunes.com.br\/wp-content\/uploads\/2023\/08\/processo-criativo2-1024x384.png 1024w, https:\/\/cristianenunes.com.br\/wp-content\/uploads\/2023\/08\/processo-criativo2-768x288.png 768w, https:\/\/cristianenunes.com.br\/wp-content\/uploads\/2023\/08\/processo-criativo2-1536x576.png 1536w\" sizes=\"(max-width: 1600px) 100vw, 1600px\" \/>\t\t\t\t\t\t\t\t\t\t\t\t\t\t\t<\/div>\n\t\t\t\t<\/div>\n\t\t\t\t\t<\/div>\n\t\t\t\t<\/div>\n\t\t<div class=\"elementor-element elementor-element-3705d59 e-flex e-con-boxed e-con e-parent\" data-id=\"3705d59\" data-element_type=\"container\">\n\t\t\t\t\t<div class=\"e-con-inner\">\n\t\t\t\t<div class=\"elementor-element elementor-element-028b437 elementor-widget__width-initial elementor-widget-tablet__width-initial elementor-widget elementor-widget-text-editor\" data-id=\"028b437\" data-element_type=\"widget\" data-widget_type=\"text-editor.default\">\n\t\t\t\t<div class=\"elementor-widget-container\">\n\t\t\t\t\t\t\t\t\t<p><span style=\"color: var( --e-global-color-text ); font-family: var( --e-global-typography-text-font-family ), Sans-serif; font-weight: inherit; text-align: var(--text-align); font-style: inherit;\">A marca Tribus \u00e9 de estilo moderna,<\/span><span style=\"color: var( --e-global-color-text ); font-family: var( --e-global-typography-text-font-family ), Sans-serif; font-weight: inherit; text-align: var(--text-align); font-style: inherit;\">\u00a0inspirada nos elementos oca\u00a0<\/span><span style=\"color: var( --e-global-color-text ); font-family: var( --e-global-typography-text-font-family ), Sans-serif; font-weight: inherit; text-align: var(--text-align); font-style: inherit;\">tribal + tronco de \u00e1rvore brotando + fibra\u00a0<\/span><span style=\"color: var( --e-global-color-text ); font-family: var( --e-global-typography-text-font-family ), Sans-serif; font-weight: inherit; text-align: var(--text-align); font-style: inherit;\">muscular, remetendo aos tr\u00eas pilares (casa,\u00a0<\/span><span style=\"color: var( --e-global-color-text ); font-family: var( --e-global-typography-text-font-family ), Sans-serif; font-weight: inherit; text-align: var(--text-align); font-style: inherit;\">natureza, homem). Estes elementos\u00a0<\/span><span style=\"color: var( --e-global-color-text ); font-family: var( --e-global-typography-text-font-family ), Sans-serif; font-weight: inherit; text-align: var(--text-align); font-style: inherit;\">combinam o ciclo de vida, origem, inclus\u00e3o\u00a0<\/span><span style=\"color: var( --e-global-color-text ); font-family: var( --e-global-typography-text-font-family ), Sans-serif; font-weight: inherit; text-align: var(--text-align); font-style: inherit;\">social e riquezas extra\u00eddas da natureza\u00a0<\/span><span style=\"color: var( --e-global-color-text ); font-family: var( --e-global-typography-text-font-family ), Sans-serif; font-weight: inherit; text-align: var(--text-align); font-style: inherit;\">resultando em um s\u00edmbolo memor\u00e1vel.<\/span>.<\/p>\t\t\t\t\t\t\t\t<\/div>\n\t\t\t\t<\/div>\n\t\t\t\t\t<\/div>\n\t\t\t\t<\/div>\n\t\t<div class=\"elementor-element elementor-element-0544767 e-flex e-con-boxed e-con e-parent\" data-id=\"0544767\" data-element_type=\"container\" data-settings=\"{&quot;background_background&quot;:&quot;classic&quot;}\">\n\t\t\t\t\t<div class=\"e-con-inner\">\n\t\t\t\t\t<\/div>\n\t\t\t\t<\/div>\n\t\t<div class=\"elementor-element elementor-element-c42177c e-flex e-con-boxed e-con e-parent\" data-id=\"c42177c\" data-element_type=\"container\" data-settings=\"{&quot;background_background&quot;:&quot;classic&quot;}\">\n\t\t\t\t\t<div class=\"e-con-inner\">\n\t\t\t\t<div class=\"elementor-element elementor-element-ee44e29 elementor-widget elementor-widget-image\" data-id=\"ee44e29\" data-element_type=\"widget\" data-widget_type=\"image.default\">\n\t\t\t\t<div class=\"elementor-widget-container\">\n\t\t\t\t\t\t\t\t\t\t\t\t\t\t\t<img decoding=\"async\" width=\"768\" height=\"600\" src=\"https:\/\/cristianenunes.com.br\/wp-content\/uploads\/2023\/07\/cartao.png\" class=\"attachment-full size-full wp-image-1722\" alt=\"\" srcset=\"https:\/\/cristianenunes.com.br\/wp-content\/uploads\/2023\/07\/cartao.png 768w, https:\/\/cristianenunes.com.br\/wp-content\/uploads\/2023\/07\/cartao-300x234.png 300w\" sizes=\"(max-width: 768px) 100vw, 768px\" \/>\t\t\t\t\t\t\t\t\t\t\t\t\t\t\t<\/div>\n\t\t\t\t<\/div>\n\t\t\t\t\t<\/div>\n\t\t\t\t<\/div>\n\t\t<div class=\"elementor-element elementor-element-84b7ff7 e-flex e-con-boxed e-con e-parent\" data-id=\"84b7ff7\" data-element_type=\"container\">\n\t\t\t\t\t<div class=\"e-con-inner\">\n\t\t<div class=\"elementor-element elementor-element-2ed9ee7 e-con-full e-flex e-con e-parent\" data-id=\"2ed9ee7\" data-element_type=\"container\" data-settings=\"{&quot;background_background&quot;:&quot;classic&quot;}\">\n\t\t\t\t<\/div>\n\t\t<div class=\"elementor-element elementor-element-6571599 e-con-full e-flex e-con e-parent\" data-id=\"6571599\" data-element_type=\"container\" data-settings=\"{&quot;background_background&quot;:&quot;classic&quot;}\">\n\t\t\t\t<\/div>\n\t\t\t\t\t<\/div>\n\t\t\t\t<\/div>\n\t\t<div class=\"elementor-element elementor-element-72cab6d e-flex e-con-boxed e-con e-parent\" data-id=\"72cab6d\" data-element_type=\"container\">\n\t\t\t\t\t<div class=\"e-con-inner\">\n\t\t<div class=\"elementor-element elementor-element-f76d6f2 e-con-full e-flex e-con e-parent\" data-id=\"f76d6f2\" data-element_type=\"container\" data-settings=\"{&quot;background_background&quot;:&quot;classic&quot;}\">\n\t\t\t\t<\/div>\n\t\t<div class=\"elementor-element elementor-element-5f91fbb e-con-full e-flex e-con e-parent\" data-id=\"5f91fbb\" data-element_type=\"container\" data-settings=\"{&quot;background_background&quot;:&quot;classic&quot;}\">\n\t\t\t\t<\/div>\n\t\t\t\t\t<\/div>\n\t\t\t\t<\/div>\n\t\t\t\t<\/div>\n\t\t","protected":false},"excerpt":{"rendered":"<p>TRIBUS SUPLEMENTOS E PRODUTOS NATURAIS TRIBUS \u00e9 uma loja de suplementos e&nbsp;produtos naturais que nasceu a fim de&nbsp;proporcionar ao seu p\u00fablico uma&nbsp;nova experi\u00eancia de consumo,&nbsp;experimenta\u00e7\u00e3o, atendimento e&nbsp;conveni\u00eancia. Um novo jeito de ser&nbsp;saud\u00e1vel unindo informa\u00e7\u00e3o,&nbsp;praticidade, sa\u00fade, bem estar e&nbsp;diversidade. O DIFERENCIAL:&nbsp;Ambiente descontra\u00eddo criado com o&nbsp;prop\u00f3sito de atender a todas as&nbsp;necessidades suplementares dos clientes, lanches saud\u00e1veis e&nbsp;servi\u00e7os [&hellip;]<\/p>\n","protected":false},"author":1,"featured_media":0,"parent":0,"menu_order":0,"comment_status":"closed","ping_status":"closed","template":"elementor_header_footer","meta":{"footnotes":""},"class_list":["post-1177","page","type-page","status-publish","hentry"],"yoast_head":"<!-- This site is optimized with the Yoast SEO plugin v23.5 - https:\/\/yoast.com\/wordpress\/plugins\/seo\/ -->\n<title>Tribus - Cris Nunes<\/title>\n<meta name=\"robots\" content=\"index, follow, max-snippet:-1, max-image-preview:large, max-video-preview:-1\" \/>\n<link rel=\"canonical\" href=\"https:\/\/cristianenunes.com.br\/index.php\/tribus\/\" \/>\n<meta property=\"og:locale\" content=\"pt_BR\" \/>\n<meta property=\"og:type\" content=\"article\" \/>\n<meta property=\"og:title\" content=\"Tribus - Cris Nunes\" \/>\n<meta property=\"og:description\" content=\"TRIBUS SUPLEMENTOS E PRODUTOS NATURAIS TRIBUS \u00e9 uma loja de suplementos e&nbsp;produtos naturais que nasceu a fim de&nbsp;proporcionar ao seu p\u00fablico uma&nbsp;nova experi\u00eancia de consumo,&nbsp;experimenta\u00e7\u00e3o, atendimento e&nbsp;conveni\u00eancia. Um novo jeito de ser&nbsp;saud\u00e1vel unindo informa\u00e7\u00e3o,&nbsp;praticidade, sa\u00fade, bem estar e&nbsp;diversidade. O DIFERENCIAL:&nbsp;Ambiente descontra\u00eddo criado com o&nbsp;prop\u00f3sito de atender a todas as&nbsp;necessidades suplementares dos clientes, lanches saud\u00e1veis e&nbsp;servi\u00e7os [&hellip;]\" \/>\n<meta property=\"og:url\" content=\"https:\/\/cristianenunes.com.br\/index.php\/tribus\/\" \/>\n<meta property=\"og:site_name\" content=\"Cris Nunes\" \/>\n<meta property=\"article:publisher\" content=\"https:\/\/www.facebook.com\/cristiane.nunes.39142\" \/>\n<meta property=\"article:modified_time\" content=\"2023-08-17T00:40:49+00:00\" \/>\n<meta property=\"og:image\" content=\"http:\/\/cristianenunes.com.br\/wp-content\/uploads\/2023\/08\/processo-criativo2.png\" \/>\n<meta name=\"twitter:card\" content=\"summary_large_image\" \/>\n<meta name=\"twitter:label1\" content=\"Est. tempo de leitura\" \/>\n\t<meta name=\"twitter:data1\" content=\"1 minuto\" \/>\n<script type=\"application\/ld+json\" class=\"yoast-schema-graph\">{\"@context\":\"https:\/\/schema.org\",\"@graph\":[{\"@type\":\"WebPage\",\"@id\":\"https:\/\/cristianenunes.com.br\/index.php\/tribus\/\",\"url\":\"https:\/\/cristianenunes.com.br\/index.php\/tribus\/\",\"name\":\"Tribus - Cris Nunes\",\"isPartOf\":{\"@id\":\"https:\/\/cristianenunes.com.br\/#website\"},\"primaryImageOfPage\":{\"@id\":\"https:\/\/cristianenunes.com.br\/index.php\/tribus\/#primaryimage\"},\"image\":{\"@id\":\"https:\/\/cristianenunes.com.br\/index.php\/tribus\/#primaryimage\"},\"thumbnailUrl\":\"http:\/\/cristianenunes.com.br\/wp-content\/uploads\/2023\/08\/processo-criativo2.png\",\"datePublished\":\"2023-07-21T13:26:53+00:00\",\"dateModified\":\"2023-08-17T00:40:49+00:00\",\"breadcrumb\":{\"@id\":\"https:\/\/cristianenunes.com.br\/index.php\/tribus\/#breadcrumb\"},\"inLanguage\":\"pt-BR\",\"potentialAction\":[{\"@type\":\"ReadAction\",\"target\":[\"https:\/\/cristianenunes.com.br\/index.php\/tribus\/\"]}]},{\"@type\":\"ImageObject\",\"inLanguage\":\"pt-BR\",\"@id\":\"https:\/\/cristianenunes.com.br\/index.php\/tribus\/#primaryimage\",\"url\":\"https:\/\/cristianenunes.com.br\/wp-content\/uploads\/2023\/08\/processo-criativo2.png\",\"contentUrl\":\"https:\/\/cristianenunes.com.br\/wp-content\/uploads\/2023\/08\/processo-criativo2.png\",\"width\":1600,\"height\":600},{\"@type\":\"BreadcrumbList\",\"@id\":\"https:\/\/cristianenunes.com.br\/index.php\/tribus\/#breadcrumb\",\"itemListElement\":[{\"@type\":\"ListItem\",\"position\":1,\"name\":\"In\u00edcio\",\"item\":\"https:\/\/cristianenunes.com.br\/\"},{\"@type\":\"ListItem\",\"position\":2,\"name\":\"Tribus\"}]},{\"@type\":\"WebSite\",\"@id\":\"https:\/\/cristianenunes.com.br\/#website\",\"url\":\"https:\/\/cristianenunes.com.br\/\",\"name\":\"Cristiane Nunes Designer\",\"description\":\"Designer de Projetos Visuais\",\"publisher\":{\"@id\":\"https:\/\/cristianenunes.com.br\/#organization\"},\"alternateName\":\"Cris Nunes Designer\",\"potentialAction\":[{\"@type\":\"SearchAction\",\"target\":{\"@type\":\"EntryPoint\",\"urlTemplate\":\"https:\/\/cristianenunes.com.br\/?s={search_term_string}\"},\"query-input\":{\"@type\":\"PropertyValueSpecification\",\"valueRequired\":true,\"valueName\":\"search_term_string\"}}],\"inLanguage\":\"pt-BR\"},{\"@type\":\"Organization\",\"@id\":\"https:\/\/cristianenunes.com.br\/#organization\",\"name\":\"Cristiane Nunes Designer\",\"alternateName\":\"Cris Nunes Designer\",\"url\":\"https:\/\/cristianenunes.com.br\/\",\"logo\":{\"@type\":\"ImageObject\",\"inLanguage\":\"pt-BR\",\"@id\":\"https:\/\/cristianenunes.com.br\/#\/schema\/logo\/image\/\",\"url\":\"https:\/\/cristianenunes.com.br\/wp-content\/uploads\/2023\/08\/cropped-logo-menu.png\",\"contentUrl\":\"https:\/\/cristianenunes.com.br\/wp-content\/uploads\/2023\/08\/cropped-logo-menu.png\",\"width\":184,\"height\":99,\"caption\":\"Cristiane Nunes Designer\"},\"image\":{\"@id\":\"https:\/\/cristianenunes.com.br\/#\/schema\/logo\/image\/\"},\"sameAs\":[\"https:\/\/www.facebook.com\/cristiane.nunes.39142\",\"https:\/\/www.instagram.com\/crisnunes_designer\"]}]}<\/script>\n<!-- \/ Yoast SEO plugin. -->","yoast_head_json":{"title":"Tribus - Cris Nunes","robots":{"index":"index","follow":"follow","max-snippet":"max-snippet:-1","max-image-preview":"max-image-preview:large","max-video-preview":"max-video-preview:-1"},"canonical":"https:\/\/cristianenunes.com.br\/index.php\/tribus\/","og_locale":"pt_BR","og_type":"article","og_title":"Tribus - Cris Nunes","og_description":"TRIBUS SUPLEMENTOS E PRODUTOS NATURAIS TRIBUS \u00e9 uma loja de suplementos e&nbsp;produtos naturais que nasceu a fim de&nbsp;proporcionar ao seu p\u00fablico uma&nbsp;nova experi\u00eancia de consumo,&nbsp;experimenta\u00e7\u00e3o, atendimento e&nbsp;conveni\u00eancia. Um novo jeito de ser&nbsp;saud\u00e1vel unindo informa\u00e7\u00e3o,&nbsp;praticidade, sa\u00fade, bem estar e&nbsp;diversidade. O DIFERENCIAL:&nbsp;Ambiente descontra\u00eddo criado com o&nbsp;prop\u00f3sito de atender a todas as&nbsp;necessidades suplementares dos clientes, lanches saud\u00e1veis e&nbsp;servi\u00e7os [&hellip;]","og_url":"https:\/\/cristianenunes.com.br\/index.php\/tribus\/","og_site_name":"Cris Nunes","article_publisher":"https:\/\/www.facebook.com\/cristiane.nunes.39142","article_modified_time":"2023-08-17T00:40:49+00:00","og_image":[{"url":"http:\/\/cristianenunes.com.br\/wp-content\/uploads\/2023\/08\/processo-criativo2.png"}],"twitter_card":"summary_large_image","twitter_misc":{"Est. tempo de leitura":"1 minuto"},"schema":{"@context":"https:\/\/schema.org","@graph":[{"@type":"WebPage","@id":"https:\/\/cristianenunes.com.br\/index.php\/tribus\/","url":"https:\/\/cristianenunes.com.br\/index.php\/tribus\/","name":"Tribus - Cris Nunes","isPartOf":{"@id":"https:\/\/cristianenunes.com.br\/#website"},"primaryImageOfPage":{"@id":"https:\/\/cristianenunes.com.br\/index.php\/tribus\/#primaryimage"},"image":{"@id":"https:\/\/cristianenunes.com.br\/index.php\/tribus\/#primaryimage"},"thumbnailUrl":"http:\/\/cristianenunes.com.br\/wp-content\/uploads\/2023\/08\/processo-criativo2.png","datePublished":"2023-07-21T13:26:53+00:00","dateModified":"2023-08-17T00:40:49+00:00","breadcrumb":{"@id":"https:\/\/cristianenunes.com.br\/index.php\/tribus\/#breadcrumb"},"inLanguage":"pt-BR","potentialAction":[{"@type":"ReadAction","target":["https:\/\/cristianenunes.com.br\/index.php\/tribus\/"]}]},{"@type":"ImageObject","inLanguage":"pt-BR","@id":"https:\/\/cristianenunes.com.br\/index.php\/tribus\/#primaryimage","url":"https:\/\/cristianenunes.com.br\/wp-content\/uploads\/2023\/08\/processo-criativo2.png","contentUrl":"https:\/\/cristianenunes.com.br\/wp-content\/uploads\/2023\/08\/processo-criativo2.png","width":1600,"height":600},{"@type":"BreadcrumbList","@id":"https:\/\/cristianenunes.com.br\/index.php\/tribus\/#breadcrumb","itemListElement":[{"@type":"ListItem","position":1,"name":"In\u00edcio","item":"https:\/\/cristianenunes.com.br\/"},{"@type":"ListItem","position":2,"name":"Tribus"}]},{"@type":"WebSite","@id":"https:\/\/cristianenunes.com.br\/#website","url":"https:\/\/cristianenunes.com.br\/","name":"Cristiane Nunes Designer","description":"Designer de Projetos Visuais","publisher":{"@id":"https:\/\/cristianenunes.com.br\/#organization"},"alternateName":"Cris Nunes Designer","potentialAction":[{"@type":"SearchAction","target":{"@type":"EntryPoint","urlTemplate":"https:\/\/cristianenunes.com.br\/?s={search_term_string}"},"query-input":{"@type":"PropertyValueSpecification","valueRequired":true,"valueName":"search_term_string"}}],"inLanguage":"pt-BR"},{"@type":"Organization","@id":"https:\/\/cristianenunes.com.br\/#organization","name":"Cristiane Nunes Designer","alternateName":"Cris Nunes Designer","url":"https:\/\/cristianenunes.com.br\/","logo":{"@type":"ImageObject","inLanguage":"pt-BR","@id":"https:\/\/cristianenunes.com.br\/#\/schema\/logo\/image\/","url":"https:\/\/cristianenunes.com.br\/wp-content\/uploads\/2023\/08\/cropped-logo-menu.png","contentUrl":"https:\/\/cristianenunes.com.br\/wp-content\/uploads\/2023\/08\/cropped-logo-menu.png","width":184,"height":99,"caption":"Cristiane Nunes Designer"},"image":{"@id":"https:\/\/cristianenunes.com.br\/#\/schema\/logo\/image\/"},"sameAs":["https:\/\/www.facebook.com\/cristiane.nunes.39142","https:\/\/www.instagram.com\/crisnunes_designer"]}]}},"_links":{"self":[{"href":"https:\/\/cristianenunes.com.br\/index.php\/wp-json\/wp\/v2\/pages\/1177"}],"collection":[{"href":"https:\/\/cristianenunes.com.br\/index.php\/wp-json\/wp\/v2\/pages"}],"about":[{"href":"https:\/\/cristianenunes.com.br\/index.php\/wp-json\/wp\/v2\/types\/page"}],"author":[{"embeddable":true,"href":"https:\/\/cristianenunes.com.br\/index.php\/wp-json\/wp\/v2\/users\/1"}],"replies":[{"embeddable":true,"href":"https:\/\/cristianenunes.com.br\/index.php\/wp-json\/wp\/v2\/comments?post=1177"}],"version-history":[{"count":110,"href":"https:\/\/cristianenunes.com.br\/index.php\/wp-json\/wp\/v2\/pages\/1177\/revisions"}],"predecessor-version":[{"id":2612,"href":"https:\/\/cristianenunes.com.br\/index.php\/wp-json\/wp\/v2\/pages\/1177\/revisions\/2612"}],"wp:attachment":[{"href":"https:\/\/cristianenunes.com.br\/index.php\/wp-json\/wp\/v2\/media?parent=1177"}],"curies":[{"name":"wp","href":"https:\/\/api.w.org\/{rel}","templated":true}]}}